= -8*z**3 - z. Let b be t(d). Let v(g) = 2*g - 9. What are the prime factors of v(b)?
3
Suppose 0 = 4*r - 5*t - 37, 0 = -r + 3*t - 0 + 4. Let o be ((-10)/4)/((-4)/(-8)). Let s = r + o. List the prime factors of s.
2
Suppose 3*v + 4*d = 49, -5*v - 5*d + d = -79. Suppose p = u - v, -3*u + 2*p + 31 = 6*p. List the prime factors of u.
13
Let k(m) = -9 + 0*m**2 + 0*m + 2 - 3*m + m**2. Let f be k(5). Suppose f*h = 11 + 31. What are the prime factors of h?
2, 7
Let c = 5 - 4. Suppose -g + n + 8 = c, 0 = g + 3*n + 13. List the prime factors of (-2)/(-4)*(g + 28).
3, 5
Let l(x) = 2*x**2 + 15*x + 44. List the prime factors of l(-15).
269
Let q = 60 - 43. Let o = q - 27. What are the prime factors of ((-12)/10)/(2/o)?
2, 3
Suppose 3*j + 26 + 18 = 5*y, -4*y = -2*j - 36. Suppose 2*b + y = 0, -b - 14 = -n + 5. List the prime factors of n.
2, 7
List the prime factors of (-6 + 3)*-11 - -2.
5, 7
Suppose 0*b - 11 = 4*b + c, 0 = -3*b - 2*c - 12. Let l = b - -10. List the prime factors of l.
2
Let o be (-2)/((-3)/(-51)*-1). Let j be o/6 + 4/(-6). Suppose j*m + 4*q - 6*q - 20 = 0, -3*q - 8 = -2*m. List the prime factors of m.
2
Let j = 8 - 18. Suppose -7*b - 300 = -2*b. What are the prime factors of ((-4)/j)/((-3)/b)?
2
Let a(c) = c**3 - 7*c**2 - 9*c + 11. List the prime factors of a(8).
3
Suppose 4 - 22 = 3*n. Let x be (18/12)/(n/(-44)). Suppose x + 9 = 4*c. What are the prime factors of c?
5
Let k be (2 + -1 - 3)/(-1). Suppose 12 - 2 = k*w. Suppose -2*h - 63 = -w*c - 23, 0 = -3*c + 5*h + 43. What are the prime factors of c?
2, 3
Let p(y) = y**3 + 10*y**2 + y + 2. Let j be p(-10). Let s be (-6)/j - 69/(-4). Suppose 22 = 5*o - s. What are the prime factors of o?
2
Let s(k) = k**3 - k**2 + k - 1. Let w = -2 - -5. What are the prime factors of s(w)?
2, 5
Suppose 5*o = 4*o + 30. List the prime factors of o.
2, 3, 5
Let b(s) = 5*s**3 + 13*s**2 + s + 7. Let f(y) = y**3 + y**2 + y. Let c(m) = b(m) - 6*f(m). Let x = -10 - -16. List the prime factors of c(x).
13
Suppose 4*h - 190 = 22. List the prime factors of h.
53
Let j(o) = -o**3 + 3*o**2 + 4*o - 3. Let w be j(3). Let n(r) = r - 7. Let b be n(w). Suppose b = -3*c + 14. List the prime factors of c.
2
Suppose 2*k - 30 = -3*k. Let w = k + 2. What are the prime factors of w?
2
Let u be -2*(2 + (-36)/8). Let r = -3 - -6. Suppose -3*m - r*j + 2 = -m, 10 = u*m + 5*j. What are the prime factors of m?
2
Let a = -7 + 11. Suppose 0 = 3*i + a*m - 6, -7*i + 2*i - 7 = m. What are the prime factors of (i/4)/((-2)/52)?
13
Suppose 0 = l - 3*d - 12, l + 46 = 4*l + d. Suppose -l = -2*u + 5*i, -i - 4 + 1 = -u. Suppose 0*j + j - 2 = u. List the prime factors of j.
2
Let f(g) = g**3 - 14*g**2 - 12*g - 1. What are the prime factors of f(15)?
2, 11
Let u = 30 - 21. Suppose -p + 4 + u = 0. List the prime factors of p.
13
Let s = 267 + -178. List the prime factors of s.
89
Suppose z - 5*v + 0*v - 269 = 0, -4*v = 2*z - 482. List the prime factors of z.
3, 83
Let c be 21*(-3 - (-13 + 3)). Suppose c = 4*a - a. What are the prime factors of a?
7
Suppose -16*t = -17*t + 122. What are the prime factors of t?
2, 61
Suppose l + 3*s + 1 = -5, 2*s + 4 = -2*l. Let n be (3/6*l)/2. Suppose n*b + 2*b - 30 = 0. What are the prime factors of b?
3, 5
Let o(c) = c + 5. Let q be o(-11). Let d = q - -9. Suppose j = -2*v - v + 7, 0 = -d*v + j + 5. List the prime factors of v.
2
Let a = -8 + 13. Suppose -33 = a*g - 83. What are the prime factors of g?
2, 5
Suppose 0*k - 4*k = -8. Suppose 3*d = -k*d + 35. List the prime factors of d.
7
Suppose 8*o - 3*o - 440 = 0. Suppose -7*z = -3*z - o. List the prime factors of z.
2, 11
Let d(v) = 4*v**2 + v. Let g be d(-1). Suppose i = g*y + 58, -4*i - i + 260 = -5*y. List the prime factors of i.
7
Suppose -3*a + 4*j = -4, 3*a + 6 = -j + 20. List the prime factors of a.
2
Suppose 0 = -5*z + 2*z + 12. Suppose -c = -z*c + 27. What are the prime factors of c?
3
Suppose p = -p. Suppose 0 = 3*g - 15, -3*r = g - p*g - 44. List the prime factors of r.
13
Let z = -4 - -5. Let t be z + 2 + -2 + 4. Suppose 2*f = -t*h - 1, 4*f + 3 - 15 = 4*h. What are the prime factors of f?
2
Let y be 8/(-4)*5/(-2). Suppose -4*r = 5*l - 29, y*l - 102 + 37 = 5*r. List the prime factors of l.
3
Suppose -5*y - 6 + 111 = 0. List the prime factors of y.
3, 7
Let o = -146 - -456. What are the prime factors of o?
2, 5, 31
Suppose -3*o + 107 = -3*h - 31, 4*o - 192 = -4*h. What are the prime factors of o?
47
Suppose -22 + 6 = -4*z. Let b(m) = -m**3 - 6*m**2 - 6*m - 1. Let k be b(-5). Suppose k*x + 3*n = 51, -z*x + 5*n + 35 + 40 = 0. What are the prime factors of x?
3, 5
Let f = 4 + 7. What are the prime factors of f?
11
Let u = 352 - 121. List the prime factors of u.
3, 7, 11
Let l be 1/(-3) + (-428)/12. Let n = 0 - l. List the prime factors of n.
2, 3
Let h(c) = -2*c + 2. Let z be (6/12)/(2/(-16)). What are the prime factors of h(z)?
2, 5
Suppose 7 + 19 = 2*p. What are the prime factors of p?
13
Let c(a) = a. Let x be c(5). Suppose -x*i = -2*i. Suppose -2*p + 28 - 4 = i. List the prime factors of p.
2, 3
Let p = 15 - 13. Suppose -p*q - 37 = -3*q. What are the prime factors of q?
37
Let q = 66 - 11. What are the prime factors of q?
5, 11
What are the prime factors of ((-27)/12 - 6/8) + 56?
53
Let p(i) = -i**3 - 7*i**2 + 20*i - 3. What are the prime factors of p(-11)?
3, 29
Suppose 4*c - l = 10, 4*l = -2*c + 18 - 4. Suppose 0*v + c*v = 27. Suppose -3*b - v = -30. List the prime factors of b.
7
Suppose -3*p + 15 = -0. Suppose -11 = -p*j - 1. What are the prime factors of j?
2
Let n = -91 - -128. List the prime factors of n.
37
Suppose -34 = -12*u + 14. List the prime factors of u.
2
Let j(q) be the second derivative of -q**3/6 - q**2/2 + 3*q. List the prime factors of j(-7).
2, 3
Suppose -z + 5*z + 2 = -2*y, 5*y - 3*z = 21. List the prime factors of y.
3
List the prime factors of 1/5 - 117/(-15).
2
Suppose 5*h = 12 - 57. Let i = -15 + 28. Let y = h + i. List the prime factors of y.
2
Let q(x) = -12*x. Let z be q(-1). Let h = 21 - z. What are the prime factors of h?
3
Let f be (-14)/(-6) - 4/(-6). Suppose 19 = -2*d + f*d. List the prime factors of d.
19
Suppose 7*z - 4*z = 0, 5*v + 3*z = 125. Suppose -3*b - 32 = -4*t, t + 0*t = 5*b + v. Suppose 4*c - t*c = -4. What are the prime factors of c?
2
Suppose 4*n + 0*n + 2*k = 12, -2*k - 28 = -4*n. Suppose 3*z - 3 = -4*m, -n*z = -0*z + 4*m - 5. Suppose z + 1 = u. What are the prime factors of u?
2
Let p be ((-1)/4)/(2/(-24)). Let q be 5 - (-3 - (-18)/p). Suppose -q*u + 3*o = -15, -4*u + 29 = u + o. List the prime factors of u.
2, 3
Suppose 2*j - 30 = -2*l, l - 5*j - 15 + 6 = 0. Let r = -6 + l. List the prime factors of r.
2
Let o(s) = -s**3 + 6*s**2 + 12*s - 4. Let d be o(9). What are the prime factors of 4/(-12) - d/3?
2, 23
Let p = -3 + 22. What are the prime factors of p?
19
Suppose -2*k + 34 = -4*b, 3*k - 4*b = -7*b + 15. Let w be (-6)/(-4)*24/k. What are the prime factors of (-22 + -2)*(-2)/w?
2, 3
Let p = 17 + 22. List the prime factors of p.
3, 13
Suppose 2*n = -0*n - 94. Let m = -34 - n. What are the prime factors of m?
13
Let a(o) = 428*o**2 - 5*o + 4. List the prime factors of a(1).
7, 61
Suppose -2*r + 5*b = -31, r + 2*b = -r + 24. Suppose -4*u + 4*f = -20 + 8, u - 5*f = -r. What are the prime factors of u?
7
Suppose -2*u - 51 - 99 = -3*j, 3 = -u. What are the prime factors of j?
2, 3
Suppose 5*p = 3*m + 5 + 9, 5*p = -5*m + 30. Suppose b = m*b - 12. What are the prime factors of b?
2, 3
Let k = 227 - 359. Let h = -86 - k. List the prime factors of h.
2, 23
Suppose -2*h + 3*s + s + 64 = 0, -3*h - 5*s + 96 = 0. What are the prime factors of h?
2
Let n = -205 - -426. List the prime factors of n.
13, 17
Suppose 3*l - 7*l - 4*j = -244, -2*j = 0. What are the prime factors of l?
61
Let g(k) = -2*k - 1. List the prime factors of g(-8).
3, 5
Let s(x) = 5*x**3 - 2*x**2 + x - 2. List the prime factors of s(2).
2
Let b(j) be the first derivative of -j**3/3 + 4*j**2 - 8*j - 1. Let c be b(6). Let p = 11 - c. List the prime factors of p.
7
Suppose 2*t - 14 = 5*i, -5*i = t + 1 + 7. Suppose 4*v + 24 = t*s, 2*v = -4*s + 16 + 2. Suppose 3*u = s + 30. What are the prime factors of u?
2, 3
Suppose -5*y + 5*u + 60 = 0, -y - 3*u = -0*u. List the prime factors of y.
3
List the prime factors of (588/9)/(-2)*-3.
2, 7
List the prime 